)/1*(2 - (-85)/(-34)). What is the greatest common divisor of 15 and n?
3
Let h = -1765 - -1924. Calculate the highest common factor of 5088 and h.
159
Suppose 60*l - 55*l - 475 = 0. Suppose -5*v = -20, -j = 5*v + 15 - l. Let c be (2 - 3 - -4) + 9. Calculate the highest common divisor of j and c.
12
Suppose 0 = 3*n + 2*y - 374, n - 4*y = 4*n - 364. Let s be (1 - -107)/3 - -1. Suppose -2*w + s - 5 = 0. What is the highest common factor of w and n?
16
Let a be ((-5)/((-30)/74))/((-8)/(-1128)). Calculate the highest common factor of a and 111.
37
Suppose 74 - 81 = v, 4*l - 8*v - 304 = 0. What is the greatest common divisor of 37138 and l?
62
Suppose 10*o - 8766 = -8*o. Let x = o + -444. Calculate the highest common factor of 129 and x.
43
Let b be -4 + 19/5 - (-661)/5. What is the greatest common factor of 1848 and b?
132
Suppose 5*t - 36 = -2*y, 3*t + y - 27 + 6 = 0. Suppose -4*z + 36*z = 43008. Suppose -8*p - 6*p + z = 0. What is the greatest common divisor of p and t?
6
Let z(t) = 2*t + 2. Let j be z(-2). Let v be ((4 - 1) + -65)*j. Let h = 269 - v. What is the greatest common factor of 29 and h?
29
Suppose -889 = -2*l + 65. Let z = l + -262. Calculate the greatest common divisor of z and 86.
43
Let v(w) = -63*w**2 + 3*w + 4. Let p(o) = -64*o**2 + 4*o + 5. Let d(r) = 5*p(r) - 6*v(r). Let h be d(-1). Calculate the greatest common divisor of 3 and h.
3
Let x = -273 + 278. Suppose o - 50 = x*c, -130 = 10*o - 13*o + 5*c. What is the highest common divisor of o and 50?
10
Suppose 3*c = -3*b + 84, -4*b - 159 = -4*c - 23. Suppose -y + 39 = c. Calculate the highest common factor of 92 and y.
4
Suppose -m - 4*r + 132 = 0, 5*m + 2083*r - 2082*r = 641. What is the greatest common factor of 7776 and m?
32
Let d(z) = z + 4. Let q be d(4). Let j(s) = -s - 11. Let a be j(-19). Suppose 0 = -a*w - 4*w + 24. What is the highest common divisor of q and w?
2
Suppose 2*r = -0*r + 30. Let b be (17/(-5) + 5)/(1/5). Suppose 3*g = -3*a + 57, -4*a = 2*g + b - 76. Calculate the greatest common factor of r and a.
15
Suppose -5*d + 2*l + 66 = 0, -3*l - 101 + 97 = 2*d. Suppose 2*u - 3 = 7. What is the greatest common divisor of d and u?
5
Suppose -5*o - 1145 = -4*f, 3*f - 860 = o + 4*o. Let y = f + -60. Calculate the greatest common factor of 36 and y.
9
Suppose -g = -654*j + 657*j - 19, 121 = 4*g - 3*j. Suppose 2*a - 75 = -3*a. Let r be 4615/a + (-2)/(-6). Calculate the highest common factor of g and r.
28
Suppose -14*c + 9979 = 3581. Let n = 521 - c. What is the greatest common factor of 8 and n?
8
Let b = -34963 + 35043. What is the highest common divisor of 23080 and b?
40
Let q be 6 - ((1 - (-7 + 3)) + -1885). Calculate the greatest common divisor of q and 46.
46
Suppose 131*t = -1775 + 69471 + 84264. What is the highest common factor of t and 140?
20
Let y(v) = 19*v - 3. Let l be y(5). Let a be ((-91)/14)/13*0/(-2) - -8. What is the greatest common factor of l and a?
4
Suppose 223*x = 149*x + 5328. What is the greatest common divisor of x and 7416?
72
Let c(p) be the second derivative of -5*p**3/6 - 96*p. Let y be c(-8). What is the greatest common divisor of y and 15?
5
Let a(y) = 294*y - 4512. Let i be a(24). Calculate the greatest common factor of i and 9.
3
Let m be 18*4 + (1 - 1). Let q be (99 - 3)*((-7)/2 + 4). What is the greatest common factor of m and q?
24
Let y be -7 - (-6 + -23 - (-10 + 4)). Calculate the highest common divisor of 1648 and y.
16
Suppose 21*f - 7*f = -6*f + 5460. Calculate the highest common divisor of f and 861.
21
Suppose 9*s + 4*g - 12388 = -g, 3*g = -4*s + 5512. Calculate the greatest common divisor of 44 and s.
4
Let w be (((-67698)/45 - 5) + -5)/((-6)/20). What is the highest common divisor of w and 16?
8
Let q(i) = 9*i**3 + 7*i**2 - 20*i + 21. Let j be q(2). Calculate the greatest common divisor of j and 1512.
27
Let j = 138 + -38. Let n be (1 + -4)*1/(-1). Suppose -n*p = y - 123, y + 0 = 3. What is the greatest common factor of j and p?
20
Suppose -20 = -4*j + 102*p - 100*p, -4*p = 2*j + 10. Suppose 265 = 2*k + o, -o = 4*k + 194 - 729. Calculate the highest common divisor of k and j.
3
Let f be 2/(-2)*1 - -37. Let z be 0/((30/60)/(2/(-4))). Let m be z + 3 + 5 + 46. What is the greatest common factor of m and f?
18
Suppose 7*r = 1439 + 6574 + 912. What is the greatest common factor of r and 125?
25
Let a(i) = -10*i**2 + 7*i + 22. Let b be a(-4). Let p = -55 - b. What is the greatest common divisor of 148 and p?
37
Let r = 10457 + -8257. What is the greatest common divisor of r and 1925?
275
Suppose -2*q + 4 = 5*b - 166, -q = -5. Calculate the greatest common divisor of 752 and b.
16
Suppose 138*g + 186*g = 47628. What is the highest common factor of 9359 and g?
49
Let z(g) be the second derivative of 11/12*g**4 + 5/2*g**2 + 1/2*g**3 + 0 + 1/20*g**5 + 29*g. Let w be z(-7). What is the greatest common factor of 36 and w?
36
Suppose 4*s - 4*h = -3*h + 536, -4*s + 5*h + 520 = 0. Suppose s = -2*u + 375. What is the highest common factor of 80 and u?
40
Let n be ((-178)/(-6) + -7)/((-3)/(-9)). Let y be 935/n*(6 - -2). Calculate the highest common divisor of y and 10.
10
Suppose 2*t + 2 = 0, 0 = -4*u - t - 13 + 52. Suppose -72 = -u*g + 6*g. Calculate the greatest common factor of g and 12.
6
Let k = -154 + 210. Suppose -7*h + 133 + k = 0. What is the highest common factor of h and 3?
3
Suppose -537*w - 675 = -546*w. Let r be 2*(-1)/(8/(-316)). Suppose 2*f - r = -5*b, -5*b - 3*f = -0*b - 81. What is the highest common divisor of w and b?
15
Let m be (-3)/(-5) - (-203472)/180. Suppose -11*p = -8*p - m. Calculate the highest common factor of 13 and p.
13
Let a(k) = -k**3 + 14*k**2 + 32*k + 13. Let i be a(16). Suppose -14*x - 100 = -i*x. Let r = -86 - x. Calculate the highest common divisor of r and 21.
7
Let a be ((-432)/(-30))/3*15/4. Suppose 5*o + 2*l - 37 = 0, l + a = o + 5. What is the greatest common factor of 8 and o?
1
Suppose -28*l + 32*l - 89*l + 1207680 = 0. Calculate the greatest common divisor of l and 256.
128
Suppose 28*m + 14*m - 15*m = 1296. What is the greatest common divisor of m and 368?
16
Let h(i) = -i + 2*i - 2*i + 1 + 0*i. Let p(f) = 7*f - 8. Let d(j) = -6*h(j) - p(j). Let l be d(-11). What is the greatest common factor of l and 52?
13
Let q(x) = -470*x - 1989. Let v be q(-5). What is the greatest common factor of 1463 and v?
19
Let c be -1 + (-1)/(2/(-222)). Let y be -1 + 2/(8/668). Suppose 112 = 3*u + n + 3*n, 2*n = -4*u + y. What is the highest common factor of c and u?
22
Suppose 15*x - 7800 = -15*x. Calculate the greatest common divisor of x and 1600.
20
Let o = 17040 + -16864. What is the highest common divisor of 5632 and o?
176
Let p = 231 - 116. Let v = p + -78. Suppose 0 = -t + v - 13. Calculate the greatest common divisor of t and 3.
3
Suppose 0 = -h - t + 4553, 2*h - 1925 = 4*t + 7139. What is the greatest common divisor of 4 and h?
2
Suppose 326 = -21*z + 998. Let p = -12 + 15. Suppose -p*n + 14 = 2. Calculate the highest common factor of n and z.
4
Let c(b) = 3*b + 5. Let h be c(-5). Let r be (h + 274)*(2 + 2). Suppose 12*g + r = 16*g. Calculate the greatest common factor of g and 33.
33
Suppose -2736 = 8*n - 14*n. Suppose 0 = z + 4*a - 24, 0*z - 3*a = -5*z + 120. What is the highest common divisor of n and z?
24
Let q be ((-9)/5)/(6/(-130)). Let c be (-6)/2*(-52)/q. Let w = 17 + c. Calculate the highest common factor of 168 and w.
21
Let d(b) = -b**3 - 7*b**2 - 7*b + 4. Let q be d(-6). Let i be 9/((-9)/(-5))*28/10. Calculate the greatest common divisor of i and q.
2
Let s = 248 - 0. Suppose 0 = -21*t + 43 - 1. Let u be s + 3 + t + -1. Calculate the greatest common factor of u and 28.
28
Let y = -1 - -9. Let g(h) = 2*h**2 - 972*h + 9576. Let v be g(10). What is the greatest common factor of v and y?
8
Let h be 920/450 + 16/(-360). Calculate the greatest common divisor of h and 436.
2
Suppose 0 = -3*d + 15 + 15. Let t = d + 62. Let f be (-630)/(-63) - (-1 + 3*1). Calculate the highest common divisor of f and t.
8
Suppose 5*c - b - b = 185, 3*b + 180 = 5*c. Suppose 3*z + 434 = 3*p + 527, -3*z + 58 = 2*p. Calculate the highest common factor of c and z.
3
Suppose -11*f + 16*f = 35. Suppose 0 = f*x - 43 - 181. Calculate the highest common divisor of x and 136.
8
Let s be (-602 - -15025) + ((-7)/(-4))/((-2)